{"id":1175,"date":"2021-11-24T16:37:02","date_gmt":"2021-11-24T19:37:02","guid":{"rendered":"https:\/\/bomshopping.com.br\/bem-vindo\/?page_id=1175"},"modified":"2022-01-30T23:44:59","modified_gmt":"2022-01-31T02:44:59","slug":"produtos","status":"publish","type":"page","link":"https:\/\/bomshopping.com.br\/bem-vindo\/produtos\/","title":{"rendered":"Produtos"},"content":{"rendered":"\n\n\t<h1>\n\t\t\t\t\tProdutos\n\t\t\t\t<\/h1>\n\t<h4>\n\t\t\t\t\tOferecemos uma boa variedade de produtos modulares e\/ou integrados\n\t\t\t\t<\/h4>\n\t\t\t<p>Com um grande ferramental pronto para ser personalizado, desenvolvemos rapidamente o seu processo de neg\u00f3cio na Internet a um custo acess\u00edvel, compat\u00edvel com o mercado.<\/p>\n\t<h3>\n\t\t\t\t\tPrincipais Produtos\n\t\t\t\t<\/h3>\n\t\t\t<p>O Bomshopping tem pronto e em opera\u00e7\u00e3o <em>(ready to go)<\/em> uma s\u00e9rie de servi\u00e7os personalizados os quais podem ser adequados ao seu neg\u00f3cio de modo parcial ou integral.\u00a0\u00a0 Trabalhamos preferencialmente no modelo Software com Servi\u00e7o (SaaS &#8211; Software as a Service),\u00a0 diminuindo para o cliente o custo inicial do processo de implanta\u00e7\u00e3o e convertendo parte da mensalidade em manuten\u00e7\u00e3o.<\/p>\n\t\t\t\t<img loading=\"lazy\" decoding=\"async\" src=\"https:\/\/i0.wp.com\/bomshopping.com.br\/bem-vindo\/wp-content\/uploads\/2021\/11\/contact-management-bs-scaled.jpg?resize=2560%2C1706&#038;ssl=1\" alt=\"Customer Service Representative\" =\"image\" height=\"1706\" width=\"2560\" title=\"contact-management-bs\" onerror=\"this.style.display='none'\"  data-recalc-dims=\"1\" \/>\n\t\t\t<a href=\"#\" target=\"_self\" role=\"button\" rel=\"noopener\">\n\t\t\t\t\t\tAtendimento ao Cliente\n\t\t<\/a>\n\t\t\t\t<img loading=\"lazy\" decoding=\"async\" src=\"https:\/\/i0.wp.com\/bomshopping.com.br\/bem-vindo\/wp-content\/uploads\/2021\/11\/sales-process-bs-scaled.jpg?resize=2560%2C1701&#038;ssl=1\" alt=\"sales-process-bs\" =\"image\" height=\"1701\" width=\"2560\" title=\"sales-process-bs\" onerror=\"this.style.display='none'\"  data-recalc-dims=\"1\" \/>\n\t\t\t<a href=\"#\" target=\"_self\" role=\"button\" rel=\"noopener\">\n\t\t\t\t\t\tProcesso de Vendas online\n\t\t<\/a>\n\t\t\t\t<img loading=\"lazy\" decoding=\"async\" src=\"https:\/\/i1.wp.com\/bomshopping.com.br\/bem-vindo\/wp-content\/uploads\/2021\/11\/account-financial-1024x680-1.jpg?resize=1024%2C680&#038;ssl=1\" alt=\"account-financial-1024x680\" =\"image\" height=\"680\" width=\"1024\" title=\"account-financial-1024x680\" onerror=\"this.style.display='none'\"  data-recalc-dims=\"1\" \/>\n\t\t\t<a href=\"#\" target=\"_self\" role=\"button\" rel=\"noopener\">\n\t\t\t\t\t\tContabilidade e Finan\u00e7as\n\t\t<\/a>\n\t\t\t\t<img loading=\"lazy\" decoding=\"async\" src=\"https:\/\/i1.wp.com\/bomshopping.com.br\/bem-vindo\/wp-content\/uploads\/2021\/11\/inventory-management-bs-1024x683-1.jpg?resize=1024%2C683&#038;ssl=1\" alt=\"inventory-management-bs-1024x683\" =\"image\" height=\"683\" width=\"1024\" title=\"inventory-management-bs-1024x683\" onerror=\"this.style.display='none'\"  data-recalc-dims=\"1\" \/>\n\t\t\t<a href=\"#\" target=\"_self\" role=\"button\" rel=\"noopener\">\n\t\t\t\t\t\tGerenciamento de Estoque\n\t\t<\/a>\n\t\t\t\t<img loading=\"lazy\" decoding=\"async\" src=\"https:\/\/i1.wp.com\/bomshopping.com.br\/bem-vindo\/wp-content\/uploads\/2021\/11\/dashboard-bs-1024x682-1.jpg?resize=1024%2C682&#038;ssl=1\" alt=\"dashboard-bs-1024x682\" =\"image\" height=\"682\" width=\"1024\" title=\"dashboard-bs-1024x682\" onerror=\"this.style.display='none'\"  data-recalc-dims=\"1\" \/>\n\t\t\t<a href=\"#\" target=\"_self\" role=\"button\" rel=\"noopener\">\n\t\t\t\t\t\tAn\u00e1lise de Dados e Indicadores\n\t\t<\/a>\n\t\t\t\t<img loading=\"lazy\" decoding=\"async\" src=\"https:\/\/i0.wp.com\/bomshopping.com.br\/bem-vindo\/wp-content\/uploads\/2021\/11\/workflow-bs-1024x682-1.jpg?resize=1024%2C682&#038;ssl=1\" alt=\"workflow-bs-1024x682\" =\"image\" height=\"682\" width=\"1024\" title=\"workflow-bs-1024x682\" onerror=\"this.style.display='none'\"  data-recalc-dims=\"1\" \/>\n\t\t\t<a href=\"#\" target=\"_self\" role=\"button\" rel=\"noopener\">\n\t\t\t\t\t\tAutoma\u00e7\u00e3o de Processos\n\t\t<\/a>\n\t\t\t\t<img loading=\"lazy\" decoding=\"async\" src=\"https:\/\/i1.wp.com\/bomshopping.com.br\/bem-vindo\/wp-content\/uploads\/2021\/11\/CRM-Customer-Relationship-Management-bs-1024x683-1.jpg?resize=1024%2C683&#038;ssl=1\" alt=\"CRM-Customer-Relationship-Management-bs-1024x683\" =\"image\" height=\"683\" width=\"1024\" title=\"CRM-Customer-Relationship-Management-bs-1024x683\" onerror=\"this.style.display='none'\"  data-recalc-dims=\"1\" \/>\n\t\t\t<a href=\"#\" target=\"_self\" role=\"button\" rel=\"noopener\">\n\t\t\t\t\t\tGerenciamento de Relacionamentos\n\t\t<\/a>\n\t\t\t\t<img loading=\"lazy\" decoding=\"async\" src=\"https:\/\/i2.wp.com\/bomshopping.com.br\/bem-vindo\/wp-content\/uploads\/2021\/11\/ERP-Enterprise-Resource-Planning-bs-1024x682-1.jpg?resize=1024%2C682&#038;ssl=1\" alt=\"ERP-Enterprise-Resource-Planning-bs-1024x682\" =\"image\" height=\"682\" width=\"1024\" title=\"ERP-Enterprise-Resource-Planning-bs-1024x682\" onerror=\"this.style.display='none'\"  data-recalc-dims=\"1\" \/>\n\t\t\t<a href=\"#\" target=\"_self\" role=\"button\" rel=\"noopener\">\n\t\t\t\t\t\tGest\u00e3o Empresarial Integrada\n\t\t<\/a>\n\t<h2>\n\t\t\t\t\tProdutos Derivados ou Complementares\n\t\t\t\t<\/h2>\n\t\t\t<p>Ao longo dos anos temos desenvolvido pequenos produtos que funcionam como m\u00f3dulos de solu\u00e7\u00f5es maiores e tamb\u00e9m solu\u00e7\u00f5es mais complexas que possuem m\u00f3dulos que podem ser convertidos em solu\u00e7\u00f5es menores.\u00a0 Abaixo uma lista que ,nessa abordagem modular, o que temos realizado ao longo do nosso caminho.<\/p>\n\t\t\t\t<img decoding=\"async\" src=\"https:\/\/i2.wp.com\/bomshopping.com.br\/bem-vindo\/wp-content\/uploads\/2021\/11\/Blogs.jpg?resize=300%2C200&#038;ssl=1\" alt=\"Blogs\" =\"image\" title=\"Blogs\" onerror=\"this.style.display='none'\"  data-recalc-dims=\"1\" \/>\n\t\t\t<a href=\"#\" target=\"_self\" role=\"button\" rel=\"noopener\">\n\t\t\t\t\t\tBlogs\n\t\t<\/a>\n\t\t\t\t<img decoding=\"async\" src=\"https:\/\/i1.wp.com\/bomshopping.com.br\/bem-vindo\/wp-content\/uploads\/2021\/11\/agendamento.jpg?resize=300%2C200&#038;ssl=1\" alt=\"agendamento\" =\"image\" title=\"agendamento\" onerror=\"this.style.display='none'\"  data-recalc-dims=\"1\" \/>\n\t\t\t<a href=\"#\" target=\"_self\" role=\"button\" rel=\"noopener\">\n\t\t\t\t\t\tAgendamento\n\t\t<\/a>\n\t\t\t\t<img decoding=\"async\" src=\"https:\/\/i2.wp.com\/bomshopping.com.br\/bem-vindo\/wp-content\/uploads\/2021\/11\/Consultorio.jpg?resize=300%2C200&#038;ssl=1\" alt=\"Young female doctor using laptop at desk in clinic\" =\"image\" title=\"Young female doctor using laptop at desk in clinic\" onerror=\"this.style.display='none'\"  data-recalc-dims=\"1\" \/>\n\t\t\t<a href=\"#\" target=\"_self\" role=\"button\" rel=\"noopener\">\n\t\t\t\t\t\tConsult\u00f3rio\n\t\t<\/a>\n\t\t\t\t<img decoding=\"async\" src=\"https:\/\/i0.wp.com\/bomshopping.com.br\/bem-vindo\/wp-content\/uploads\/2021\/11\/Laudos-1.jpg?resize=300%2C200&#038;ssl=1\" alt=\"Doctor viewing xray\" =\"image\" title=\"Doctor viewing xray\" onerror=\"this.style.display='none'\"  data-recalc-dims=\"1\" \/>\n\t\t\t<a href=\"#\" target=\"_self\" role=\"button\" rel=\"noopener\">\n\t\t\t\t\t\tAcesso a Laudos\n\t\t<\/a>\n\t\t\t\t<img decoding=\"async\" src=\"https:\/\/i2.wp.com\/bomshopping.com.br\/bem-vindo\/wp-content\/uploads\/2021\/11\/Logistica.jpg?resize=300%2C200&#038;ssl=1\" alt=\"Worker using walkie-talkie while colleagues discussing in shipping yard\" =\"image\" title=\"Worker using walkie-talkie while colleagues discussing in shipping yard\" onerror=\"this.style.display='none'\"  data-recalc-dims=\"1\" \/>\n\t\t\t<a href=\"#\" target=\"_self\" role=\"button\" rel=\"noopener\">\n\t\t\t\t\t\tLog\u00edstica\n\t\t<\/a>\n\t\t\t\t<img decoding=\"async\" src=\"https:\/\/i1.wp.com\/bomshopping.com.br\/bem-vindo\/wp-content\/uploads\/2021\/11\/controle-de-estoque-300x200.jpg?resize=300%2C200&#038;ssl=1\" alt=\"controle-de-estoque\" =\"image\" title=\"controle-de-estoque\" onerror=\"this.style.display='none'\"  data-recalc-dims=\"1\" \/>\n\t\t\t<a href=\"#\" target=\"_self\" role=\"button\" rel=\"noopener\">\n\t\t\t\t\t\tControle de Estoque\n\t\t<\/a>\n\t\t\t\t<img decoding=\"async\" src=\"https:\/\/i0.wp.com\/bomshopping.com.br\/bem-vindo\/wp-content\/uploads\/2021\/11\/gestao-de-compras.jpg?resize=300%2C200&#038;ssl=1\" alt=\"gestao-de-compras\" =\"image\" title=\"gestao-de-compras\" onerror=\"this.style.display='none'\"  data-recalc-dims=\"1\" \/>\n\t\t\t<a href=\"#\" target=\"_self\" role=\"button\" rel=\"noopener\">\n\t\t\t\t\t\tGest\u00e3o de Compras\n\t\t<\/a>\n\t\t\t\t<img decoding=\"async\" src=\"https:\/\/i2.wp.com\/bomshopping.com.br\/bem-vindo\/wp-content\/uploads\/2021\/11\/Gateway-de-pagamentos.jpg?resize=300%2C200&#038;ssl=1\" alt=\"Gateway-de-pagamentos\" =\"image\" title=\"Gateway-de-pagamentos\" onerror=\"this.style.display='none'\"  data-recalc-dims=\"1\" \/>\n\t\t\t<a href=\"#\" target=\"_self\" role=\"button\" rel=\"noopener\">\n\t\t\t\t\t\tGateways de Pagamento\n\t\t<\/a>\n\t\t\t\t<img decoding=\"async\" src=\"https:\/\/i1.wp.com\/bomshopping.com.br\/bem-vindo\/wp-content\/uploads\/2021\/11\/contabilidade.jpg?resize=300%2C199&#038;ssl=1\" alt=\"contabilidade\" =\"image\" title=\"contabilidade\" onerror=\"this.style.display='none'\"  data-recalc-dims=\"1\" \/>\n\t\t\t<a href=\"#\" target=\"_self\" role=\"button\" rel=\"noopener\">\n\t\t\t\t\t\tContabilidade\n\t\t<\/a>\n\t\t\t\t<img decoding=\"async\" src=\"https:\/\/i2.wp.com\/bomshopping.com.br\/bem-vindo\/wp-content\/uploads\/2021\/11\/gravacao-telefonica.jpg?resize=300%2C200&#038;ssl=1\" alt=\"Customer Service Reps in Call Center\" =\"image\" title=\"gravacao-telefonica\" onerror=\"this.style.display='none'\"  data-recalc-dims=\"1\" \/>\n\t\t\t<a href=\"#\" target=\"_self\" role=\"button\" rel=\"noopener\">\n\t\t\t\t\t\tGrava\u00e7\u00f5es online\n\t\t<\/a>\n\t\t\t\t<img decoding=\"async\" src=\"https:\/\/i2.wp.com\/bomshopping.com.br\/bem-vindo\/wp-content\/uploads\/2021\/11\/data-wrangling.jpg?resize=300%2C200&#038;ssl=1\" alt=\"Businessman Celebrating\" =\"image\" title=\"data-wrangling\" onerror=\"this.style.display='none'\"  data-recalc-dims=\"1\" \/>\n\t\t\t<a href=\"#\" target=\"_self\" role=\"button\" rel=\"noopener\">\n\t\t\t\t\t\tData Wrangling\n\t\t<\/a>\n\t\t\t\t<img decoding=\"async\" src=\"https:\/\/i1.wp.com\/bomshopping.com.br\/bem-vindo\/wp-content\/uploads\/2021\/11\/modelos-estatisticos-300x200.jpg?resize=300%2C200&#038;ssl=1\" alt=\"modelos-estatisticos\" =\"image\" title=\"modelos-estatisticos\" onerror=\"this.style.display='none'\"  data-recalc-dims=\"1\" \/>\n\t\t\t<a href=\"#\" target=\"_self\" role=\"button\" rel=\"noopener\">\n\t\t\t\t\t\tModelos Estat\u00edsticos\n\t\t<\/a>\n\t<h3>\n\t\t\t\t\tPrincipais Ferramentas e Tecnologias que utilizamos\n\t\t\t\t<\/h3>\n\t\t\t<p>Conhe\u00e7a as principais tecnologias que utilizamos em nossos produtos e servi\u00e7os<\/p>\n\t\t\t\t<img loading=\"lazy\" decoding=\"async\" src=\"https:\/\/i2.wp.com\/bomshopping.com.br\/bem-vindo\/wp-content\/uploads\/2021\/11\/R.png?resize=60%2C60&#038;ssl=1\" alt=\"R\" =\"image\" height=\"60\" width=\"60\" title=\"R\" onerror=\"this.style.display='none'\"  data-recalc-dims=\"1\" \/>\n\t\t\t\t<img loading=\"lazy\" decoding=\"async\" src=\"https:\/\/i2.wp.com\/bomshopping.com.br\/bem-vindo\/wp-content\/uploads\/2021\/11\/asp.jpg?resize=60%2C60&#038;ssl=1\" alt=\"asp\" =\"image\" height=\"60\" width=\"60\" title=\"asp\" onerror=\"this.style.display='none'\"  data-recalc-dims=\"1\" \/>\n\t\t\t\t<img loading=\"lazy\" decoding=\"async\" src=\"https:\/\/i1.wp.com\/bomshopping.com.br\/bem-vindo\/wp-content\/uploads\/2021\/11\/mysql-1.png?resize=60%2C60&#038;ssl=1\" alt=\"mysql\" =\"image\" height=\"60\" width=\"60\" title=\"mysql\" onerror=\"this.style.display='none'\"  data-recalc-dims=\"1\" \/>\n\t\t\t\t<img loading=\"lazy\" decoding=\"async\" src=\"https:\/\/i2.wp.com\/bomshopping.com.br\/bem-vindo\/wp-content\/uploads\/2021\/11\/mariadb.png?resize=60%2C60&#038;ssl=1\" alt=\"mariadb\" =\"image\" height=\"60\" width=\"60\" title=\"mariadb\" onerror=\"this.style.display='none'\"  data-recalc-dims=\"1\" \/>\n\n","protected":false},"excerpt":{"rendered":"<p>Produtos Oferecemos uma boa variedade de produtos modulares e\/ou integrados Com um grande ferramental pronto para ser personalizado, desenvolvemos rapidamente o seu processo de neg\u00f3cio na Internet a um custo acess\u00edvel, compat\u00edvel com o mercado. Principais Produtos O Bomshopping tem pronto e em opera\u00e7\u00e3o (ready to go) uma s\u00e9rie de servi\u00e7os personalizados os quais podem &hellip;<\/p>\n<p class=\"read-more\"> <a class=\"\" href=\"https:\/\/bomshopping.com.br\/bem-vindo\/produtos\/\"> <span class=\"screen-reader-text\">Produtos<\/span> Leia mais \u00bb<\/a><\/p>\n","protected":false},"author":1,"featured_media":0,"parent":0,"menu_order":0,"comment_status":"closed","ping_status":"closed","template":"","meta":{"om_disable_all_campaigns":false,"_monsterinsights_skip_tracking":false,"_monsterinsights_sitenote_active":false,"_monsterinsights_sitenote_note":"","_monsterinsights_sitenote_category":0,"site-sidebar-layout":"no-sidebar","site-content-layout":"page-builder","ast-main-header-display":"","ast-hfb-above-header-display":"","ast-hfb-below-header-display":"","ast-hfb-mobile-header-display":"","site-post-title":"disabled","ast-breadcrumbs-content":"","ast-featured-img":"disabled","footer-sml-layout":"","theme-transparent-header-meta":"","adv-header-id-meta":"","stick-header-meta":"","header-above-stick-meta":"","header-main-stick-meta":"","header-below-stick-meta":"","spay_email":"","footnotes":""},"class_list":["post-1175","page","type-page","status-publish","hentry"],"aioseo_notices":[],"uagb_featured_image_src":{"full":false,"thumbnail":false,"medium":false,"medium_large":false,"large":false,"1536x1536":false,"2048x2048":false},"uagb_author_info":{"display_name":"admin","author_link":"https:\/\/bomshopping.com.br\/bem-vindo\/author\/admin\/"},"uagb_comment_info":0,"uagb_excerpt":"Produtos Oferecemos uma boa variedade de produtos modulares e\/ou integrados Com um grande ferramental pronto para ser personalizado, desenvolvemos rapidamente o seu processo de neg\u00f3cio na Internet a um custo acess\u00edvel, compat\u00edvel com o mercado. Principais Produtos O Bomshopping tem pronto e em opera\u00e7\u00e3o (ready to go) uma s\u00e9rie de servi\u00e7os personalizados os quais podem&hellip;","jetpack-related-posts":[{"id":19,"url":"https:\/\/bomshopping.com.br\/bem-vindo\/quem-somos-bomshopping\/","url_meta":{"origin":1175,"position":0},"title":"Quem Somos","date":"19 de junho de 2017","format":false,"excerpt":"Quem Somos Criamos e Desenvolvemos Solu\u00e7\u00f5es para Neg\u00f3cios na Web Nosso objetivo \u00e9 oferecer para o nosso p\u00fablico alvo, o empreendedor e empresas em geral, uma oportunidade para ter em um \u00fanico local toda a infraestrutura e servi\u00e7o necess\u00e1rios para desenvolver neg\u00f3cios no ambiente Web. Como atuamos Com v\u00e1rias solu\u00e7\u00f5es\u2026","rel":"","context":"Post similar","img":{"alt_text":"","src":"","width":0,"height":0},"classes":[]},{"id":1270,"url":"https:\/\/bomshopping.com.br\/bem-vindo\/home-copy\/","url_meta":{"origin":1175,"position":1},"title":"Home &#8211; BKP211126","date":"26 de novembro de 2021","format":false,"excerpt":"Solu\u00e7\u00f5es completas para o seu neg\u00f3cio na Web Tecnologia e Inova\u00e7\u00e3o Tudo o que voc\u00ea precisa para o seu neg\u00f3cio em um s\u00f3 lugar. Saiba + Como o nosso conhecimento pode ajudar no seu neg\u00f3cio? O Bomshopping ajuda a sua empresa a desenvolver o seu neg\u00f3cio na Internet oferecendo e\u2026","rel":"","context":"Post similar","img":{"alt_text":"Customer Service Representative","src":"https:\/\/i0.wp.com\/bomshopping.com.br\/bem-vindo\/wp-content\/uploads\/2021\/11\/contact-management-bs-scaled.jpg?resize=350%2C200&ssl=1","width":350,"height":200},"classes":[]},{"id":21,"url":"https:\/\/bomshopping.com.br\/bem-vindo\/servicos\/","url_meta":{"origin":1175,"position":2},"title":"Servi\u00e7os","date":"19 de junho de 2017","format":false,"excerpt":"Servi\u00e7os Oferecemos para o seu neg\u00f3cio uma extensa gama de servi\u00e7os na Internet Com uma experi\u00eancia pr\u00e1tica em v\u00e1rios segmentos do mercado, oferecemos solu\u00e7\u00f5es na Internet, baseadas em produtos e servi\u00e7os, de forma centralizada e ajustavel.\u00a0\u00a0 S\u00e3o servi\u00e7os de consultoria, treinamento, marketing, infraestrutura, automa\u00e7\u00e3o de processos, an\u00e1lise de informa\u00e7\u00e3o e\u2026","rel":"","context":"Post similar","img":{"alt_text":"","src":"","width":0,"height":0},"classes":[]},{"id":1082,"url":"https:\/\/bomshopping.com.br\/bem-vindo\/","url_meta":{"origin":1175,"position":3},"title":"Home","date":"19 de junho de 2017","format":false,"excerpt":"Solu\u00e7\u00f5es de TI na Web aplicadas ao seu neg\u00f3cio O Bomshopping ajuda a sua empresa a desenvolver o seu neg\u00f3cio na Internet oferecendo e integrando as principais ferramentas tecnol\u00f3gicas necess\u00e1rias.\u00a0 Tudo isto com foco no Neg\u00f3cio! Hospedagem Web Cria\u00e7\u00e3o de Sites Desenvolvimento SW Com\u00e9rcio Eletr\u00f4nico Marketing Digital Estat\u00edsticas Data Analytics\u2026","rel":"","context":"Post similar","img":{"alt_text":"","src":"","width":0,"height":0},"classes":[]},{"id":25,"url":"https:\/\/bomshopping.com.br\/bem-vindo\/contato-bomshopping\/","url_meta":{"origin":1175,"position":4},"title":"Contato","date":"19 de junho de 2017","format":false,"excerpt":"Contato Consultoria, Projetos, Suporte, Produtos, Servi\u00e7os Entre em contato conosco, tire as suas d\u00favidas e explore novas oportunidades de neg\u00f3cios com a Internet Contato Fale Conosco Projetos ou Solu\u00e7\u00f5es de TI Cria\u00e7\u00e3o de Sites Hospedagem web Desenvolvimento de Sistemas Ecommerce Markting Digital Data Analitics Dashboards Modelos Estat\u00edsticos Manuten\u00e7\u00e3o de Sites\u2026","rel":"","context":"Post similar","img":{"alt_text":"","src":"","width":0,"height":0},"classes":[]},{"id":1179,"url":"https:\/\/bomshopping.com.br\/bem-vindo\/favoritos\/","url_meta":{"origin":1175,"position":5},"title":"Favoritos","date":"24 de novembro de 2021","format":false,"excerpt":"Favoritos Aqui voc\u00ea encontra os sites que mais nos auxiliam em nossa jornada S\u00e3o mais de 200 links organizados e agrupados em 3 grandes categorias: Humanas, Tecnologia e Refer\u00eancias Humanas Not\u00edcias ClimaTempoGloboUOLEstad\u00e3oMSNTerraBOLCNNBrasilDi\u00e1rio de Not\u00edciasClarinCNNBILDBBCLeMondeElPaisla Republica Finan\u00e7as Banco do BrasilCEFBNDSIta\u00faBradescoSantanderPaypalPagSeguroCieloRedeXP InvestimentosNubankSerasa Investimentos BloombergValor Econ\u00f4micoValor InvesteValor DataExameInfomoneyHC InvestimentosGuia InvestGustavo CerbasiDinheiramaClube dos PoupadoresADVFNBastter\u2026","rel":"","context":"Post similar","img":{"alt_text":"","src":"","width":0,"height":0},"classes":[]}],"_links":{"self":[{"href":"https:\/\/bomshopping.com.br\/bem-vindo\/wp-json\/wp\/v2\/pages\/1175","targetHints":{"allow":["GET"]}}],"collection":[{"href":"https:\/\/bomshopping.com.br\/bem-vindo\/wp-json\/wp\/v2\/pages"}],"about":[{"href":"https:\/\/bomshopping.com.br\/bem-vindo\/wp-json\/wp\/v2\/types\/page"}],"author":[{"embeddable":true,"href":"https:\/\/bomshopping.com.br\/bem-vindo\/wp-json\/wp\/v2\/users\/1"}],"replies":[{"embeddable":true,"href":"https:\/\/bomshopping.com.br\/bem-vindo\/wp-json\/wp\/v2\/comments?post=1175"}],"version-history":[{"count":21,"href":"https:\/\/bomshopping.com.br\/bem-vindo\/wp-json\/wp\/v2\/pages\/1175\/revisions"}],"predecessor-version":[{"id":1710,"href":"https:\/\/bomshopping.com.br\/bem-vindo\/wp-json\/wp\/v2\/pages\/1175\/revisions\/1710"}],"wp:attachment":[{"href":"https:\/\/bomshopping.com.br\/bem-vindo\/wp-json\/wp\/v2\/media?parent=1175"}],"curies":[{"name":"wp","href":"https:\/\/api.w.org\/{rel}","templated":true}]}}